{"id":4449,"date":"2024-02-17T22:04:45","date_gmt":"2024-02-17T22:04:45","guid":{"rendered":"https:\/\/lamolineuvoise.fr\/Blog\/?page_id=4449"},"modified":"2026-03-16T18:08:37","modified_gmt":"2026-03-16T18:08:37","slug":"le-loir-et-cher","status":"publish","type":"page","link":"https:\/\/lamolineuvoise.fr\/blog\/le-loir-et-cher\/","title":{"rendered":"Le Loir-et-Cher"},"content":{"rendered":"\t\t<div data-elementor-type=\"wp-page\" data-elementor-id=\"4449\" class=\"elementor elementor-4449\">\n\t\t\t\t\t\t<section class=\"elementor-section elementor-top-section elementor-element elementor-element-45803829 elementor-section-height-min-height elementor-section-boxed elementor-section-height-default elementor-section-items-middle\" data-id=\"45803829\" data-element_type=\"section\" data-e-type=\"section\" data-settings=\"{&quot;background_background&quot;:&quot;classic&quot;,&quot;shape_divider_bottom&quot;:&quot;opacity-tilt&quot;}\">\n\t\t\t\t\t<div class=\"elementor-shape elementor-shape-bottom\" aria-hidden=\"true\" data-negative=\"false\">\n\t\t\t<svg xmlns=\"http:\/\/www.w3.org\/2000\/svg\" viewBox=\"0 0 2600 131.1\" preserveAspectRatio=\"none\">\n\t<path class=\"elementor-shape-fill\" d=\"M0 0L2600 0 2600 69.1 0 0z\"\/>\n\t<path class=\"elementor-shape-fill\" style=\"opacity:0.5\" d=\"M0 0L2600 0 2600 69.1 0 69.1z\"\/>\n\t<path class=\"elementor-shape-fill\" style=\"opacity:0.25\" d=\"M2600 0L0 0 0 130.1 2600 69.1z\"\/>\n<\/svg>\t\t<\/div>\n\t\t\t\t\t<div class=\"elementor-container elementor-column-gap-default\">\n\t\t\t\t\t<div class=\"elementor-column elementor-col-50 elementor-top-column elementor-element elementor-element-62a94d96\" data-id=\"62a94d96\" data-element_type=\"column\" data-e-type=\"column\">\n\t\t\t<div class=\"elementor-widget-wrap elementor-element-populated\">\n\t\t\t\t\t\t<div class=\"elementor-element elementor-element-771713b8 elementor-widget elementor-widget-heading\" data-id=\"771713b8\" data-element_type=\"widget\" data-e-type=\"widget\" data-widget_type=\"heading.default\">\n\t\t\t\t<div class=\"elementor-widget-container\">\n\t\t\t\t\t<h2 class=\"elementor-heading-title elementor-size-default\">Le Loir-et-Cher<\/h2>\t\t\t\t<\/div>\n\t\t\t\t<\/div>\n\t\t\t\t\t<\/div>\n\t\t<\/div>\n\t\t\t\t<div class=\"elementor-column elementor-col-50 elementor-top-column elementor-element elementor-element-ccd4cfa\" data-id=\"ccd4cfa\" data-element_type=\"column\" data-e-type=\"column\">\n\t\t\t<div class=\"elementor-widget-wrap\">\n\t\t\t\t\t\t\t<\/div>\n\t\t<\/div>\n\t\t\t\t\t<\/div>\n\t\t<\/section>\n\t\t\t\t<section class=\"elementor-section elementor-top-section elementor-element elementor-element-e06de6a elementor-section-boxed elementor-section-height-default elementor-section-height-default\" data-id=\"e06de6a\" data-element_type=\"section\" data-e-type=\"section\">\n\t\t\t\t\t\t<div class=\"elementor-container elementor-column-gap-default\">\n\t\t\t\t\t<div class=\"elementor-column elementor-col-100 elementor-top-column elementor-element elementor-element-efefbb2\" data-id=\"efefbb2\" data-element_type=\"column\" data-e-type=\"column\">\n\t\t\t<div class=\"elementor-widget-wrap elementor-element-populated\">\n\t\t\t\t\t\t<section class=\"elementor-section elementor-inner-section elementor-element elementor-element-f932644 elementor-section-boxed elementor-section-height-default elementor-section-height-default\" data-id=\"f932644\" data-element_type=\"section\" data-e-type=\"section\">\n\t\t\t\t\t\t<div class=\"elementor-container elementor-column-gap-default\">\n\t\t\t\t\t<div class=\"elementor-column elementor-col-50 elementor-inner-column elementor-element elementor-element-84d4248\" data-id=\"84d4248\" data-element_type=\"column\" data-e-type=\"column\">\n\t\t\t<div class=\"elementor-widget-wrap elementor-element-populated\">\n\t\t\t\t\t\t<div class=\"elementor-element elementor-element-a781b27 elementor-widget elementor-widget-image\" data-id=\"a781b27\" data-element_type=\"widget\" data-e-type=\"widget\" data-widget_type=\"image.default\">\n\t\t\t\t<div class=\"elementor-widget-container\">\n\t\t\t\t\t\t\t\t\t\t\t\t<figure class=\"wp-caption\">\n\t\t\t\t\t\t\t\t\t\t<img fetchpriority=\"high\" decoding=\"async\" width=\"1020\" height=\"573\" src=\"https:\/\/lamolineuvoise.fr\/blog\/wp-content\/uploads\/2025\/12\/lePerche.png\" class=\"attachment-large size-large wp-image-7377\" alt=\"\" srcset=\"https:\/\/lamolineuvoise.fr\/blog\/wp-content\/uploads\/2025\/12\/lePerche.png 1020w, https:\/\/lamolineuvoise.fr\/blog\/wp-content\/uploads\/2025\/12\/lePerche-300x169.png 300w, https:\/\/lamolineuvoise.fr\/blog\/wp-content\/uploads\/2025\/12\/lePerche-768x431.png 768w\" sizes=\"(max-width: 1020px) 100vw, 1020px\" \/>\t\t\t\t\t\t\t\t\t\t\t<figcaption class=\"widget-image-caption wp-caption-text\">Bocages du Perche vend\u00f4mois<\/figcaption>\n\t\t\t\t\t\t\t\t\t\t<\/figure>\n\t\t\t\t\t\t\t\t\t<\/div>\n\t\t\t\t<\/div>\n\t\t\t\t<div class=\"elementor-element elementor-element-df5911c elementor-widget elementor-widget-image\" data-id=\"df5911c\" data-element_type=\"widget\" data-e-type=\"widget\" data-widget_type=\"image.default\">\n\t\t\t\t<div class=\"elementor-widget-container\">\n\t\t\t\t\t\t\t\t\t\t\t\t<figure class=\"wp-caption\">\n\t\t\t\t\t\t\t\t\t\t<img decoding=\"async\" width=\"1020\" height=\"573\" src=\"https:\/\/lamolineuvoise.fr\/blog\/wp-content\/uploads\/2025\/12\/laBeauce.png\" class=\"attachment-large size-large wp-image-7378\" alt=\"\" srcset=\"https:\/\/lamolineuvoise.fr\/blog\/wp-content\/uploads\/2025\/12\/laBeauce.png 1020w, https:\/\/lamolineuvoise.fr\/blog\/wp-content\/uploads\/2025\/12\/laBeauce-300x169.png 300w, https:\/\/lamolineuvoise.fr\/blog\/wp-content\/uploads\/2025\/12\/laBeauce-768x431.png 768w\" sizes=\"(max-width: 1020px) 100vw, 1020px\" \/>\t\t\t\t\t\t\t\t\t\t\t<figcaption class=\"widget-image-caption wp-caption-text\">le Beauce lig\u00e9rienne<\/figcaption>\n\t\t\t\t\t\t\t\t\t\t<\/figure>\n\t\t\t\t\t\t\t\t\t<\/div>\n\t\t\t\t<\/div>\n\t\t\t\t<div class=\"elementor-element elementor-element-7d6a946 elementor-widget elementor-widget-image\" data-id=\"7d6a946\" data-element_type=\"widget\" data-e-type=\"widget\" data-widget_type=\"image.default\">\n\t\t\t\t<div class=\"elementor-widget-container\">\n\t\t\t\t\t\t\t\t\t\t\t\t<figure class=\"wp-caption\">\n\t\t\t\t\t\t\t\t\t\t<img decoding=\"async\" width=\"1020\" height=\"573\" src=\"https:\/\/lamolineuvoise.fr\/blog\/wp-content\/uploads\/2025\/12\/LaSologne.png\" class=\"attachment-large size-large wp-image-7379\" alt=\"\" srcset=\"https:\/\/lamolineuvoise.fr\/blog\/wp-content\/uploads\/2025\/12\/LaSologne.png 1020w, https:\/\/lamolineuvoise.fr\/blog\/wp-content\/uploads\/2025\/12\/LaSologne-300x169.png 300w, https:\/\/lamolineuvoise.fr\/blog\/wp-content\/uploads\/2025\/12\/LaSologne-768x431.png 768w\" sizes=\"(max-width: 1020px) 100vw, 1020px\" \/>\t\t\t\t\t\t\t\t\t\t\t<figcaption class=\"widget-image-caption wp-caption-text\">la Sologne<\/figcaption>\n\t\t\t\t\t\t\t\t\t\t<\/figure>\n\t\t\t\t\t\t\t\t\t<\/div>\n\t\t\t\t<\/div>\n\t\t\t\t\t<\/div>\n\t\t<\/div>\n\t\t\t\t<div class=\"elementor-column elementor-col-50 elementor-inner-column elementor-element elementor-element-47c0b74\" data-id=\"47c0b74\" data-element_type=\"column\" data-e-type=\"column\">\n\t\t\t<div class=\"elementor-widget-wrap elementor-element-populated\">\n\t\t\t\t\t\t<div class=\"elementor-element elementor-element-1f21d7e elementor-widget elementor-widget-image\" data-id=\"1f21d7e\" data-element_type=\"widget\" data-e-type=\"widget\" data-widget_type=\"image.default\">\n\t\t\t\t<div class=\"elementor-widget-container\">\n\t\t\t\t\t\t\t\t\t\t\t\t\t\t\t<img loading=\"lazy\" decoding=\"async\" width=\"419\" height=\"360\" src=\"https:\/\/lamolineuvoise.fr\/blog\/wp-content\/uploads\/2024\/02\/carte-dept-Loir-et-Cher.png\" class=\"attachment-large size-large wp-image-4452\" alt=\"\" srcset=\"https:\/\/lamolineuvoise.fr\/blog\/wp-content\/uploads\/2024\/02\/carte-dept-Loir-et-Cher.png 419w, https:\/\/lamolineuvoise.fr\/blog\/wp-content\/uploads\/2024\/02\/carte-dept-Loir-et-Cher-300x258.png 300w\" sizes=\"(max-width: 419px) 100vw, 419px\" \/>\t\t\t\t\t\t\t\t\t\t\t\t\t\t\t<\/div>\n\t\t\t\t<\/div>\n\t\t\t\t<div class=\"elementor-element elementor-element-ddf83c2 elementor-drop-cap-yes elementor-drop-cap-view-default elementor-widget elementor-widget-text-editor\" data-id=\"ddf83c2\" data-element_type=\"widget\" data-e-type=\"widget\" data-settings=\"{&quot;drop_cap&quot;:&quot;yes&quot;}\" data-widget_type=\"text-editor.default\">\n\t\t\t\t<div class=\"elementor-widget-container\">\n\t\t\t\t\t\t\t\t\t<p>Le Loir-et-Cher est rattach\u00e9 \u00e0 la r\u00e9gion Centre-Val de Loire avec le Cher, l&rsquo;Eure-et-Loir, l&rsquo;Indre, l&rsquo;Indre-et-Loire et le Loiret\u00a0 Sa population est de 328 543 <span style=\"font-size: 16px;\">habitants<\/span><sup>(1)<\/sup><span style=\"font-size: 16px;\"> r\u00e9partis en 267 communes. Il a pour pr\u00e9fecture Blois (46 813 habitants) et pour sous-pr\u00e9fectures Vend\u00f4me (15\u00a0 566 habitats) et Romorantin-Lanthenay (18\u00a0377 habitants).\u00a0 Le Loir-et-Cher s&rsquo;\u00e9tend sur une superficie de 6343,4 km\u00b2 sur 3 grandes r\u00e9gions naturelles : le Perche au nord (<\/span><i style=\"font-weight: inherit;\">r\u00e9gion d&rsquo;\u00e9levage, bocages et praires<\/i><span style=\"font-size: 16px;\">), de la Beauce au centre-est (<\/span><i style=\"font-weight: inherit;\">plaine c\u00e9r\u00e9ali\u00e8re<\/i><span style=\"font-size: 16px;\">) et la Sologne au sud (<\/span><i style=\"font-weight: inherit;\">for\u00eats, landes, friches, \u00e9tangs et marais<\/i><span style=\"font-size: 16px;\">).\u00a0Au plan hydrographique, iI est travers\u00e9 par 3 cours d&rsquo;eau principaux qui s&rsquo;\u00e9coulent d&rsquo;est en ouest : la Loire qui coupe le d\u00e9partement en deux blocs de dimensions sensiblement identiques, le Loir au nord et le Cher au Sud, et par quelques rivi\u00e8res secondaires (le Cosson, le Beuvron, la Sauldre ..)<\/span><\/p>\n<p><sup>(1)<\/sup>\u00a0<i>population municipale au recensement 2023<\/i><\/p>\t\t\t\t\t\t\t\t<\/div>\n\t\t\t\t<\/div>\n\t\t\t\t\t<\/div>\n\t\t<\/div>\n\t\t\t\t\t<\/div>\n\t\t<\/section>\n\t\t\t\t\t<\/div>\n\t\t<\/div>\n\t\t\t\t\t<\/div>\n\t\t<\/section>\n\t\t<div class=\"elementor-element elementor-element-3f5a4be e-flex e-con-boxed e-con e-parent\" data-id=\"3f5a4be\" data-element_type=\"container\" data-e-type=\"container\">\n\t\t\t\t\t<div class=\"e-con-inner\">\n\t\t\t\t<div class=\"elementor-element elementor-element-841a7b3 elementor-widget elementor-widget-image\" data-id=\"841a7b3\" data-element_type=\"widget\" data-e-type=\"widget\" data-widget_type=\"image.default\">\n\t\t\t\t<div class=\"elementor-widget-container\">\n\t\t\t\t\t\t\t\t\t\t\t\t<figure class=\"wp-caption\">\n\t\t\t\t\t\t\t\t\t\t<img loading=\"lazy\" decoding=\"async\" width=\"1024\" height=\"768\" src=\"https:\/\/lamolineuvoise.fr\/blog\/wp-content\/uploads\/2025\/12\/Rando_8fev2022_1-1024x768.jpg\" class=\"attachment-large size-large wp-image-7394\" alt=\"\" srcset=\"https:\/\/lamolineuvoise.fr\/blog\/wp-content\/uploads\/2025\/12\/Rando_8fev2022_1-1024x768.jpg 1024w, https:\/\/lamolineuvoise.fr\/blog\/wp-content\/uploads\/2025\/12\/Rando_8fev2022_1-300x225.jpg 300w, https:\/\/lamolineuvoise.fr\/blog\/wp-content\/uploads\/2025\/12\/Rando_8fev2022_1-768x576.jpg 768w, https:\/\/lamolineuvoise.fr\/blog\/wp-content\/uploads\/2025\/12\/Rando_8fev2022_1-1536x1152.jpg 1536w, https:\/\/lamolineuvoise.fr\/blog\/wp-content\/uploads\/2025\/12\/Rando_8fev2022_1-2048x1536.jpg 2048w\" sizes=\"(max-width: 1024px) 100vw, 1024px\" \/>\t\t\t\t\t\t\t\t\t\t\t<figcaption class=\"widget-image-caption wp-caption-text\">La Loire en hiver<\/figcaption>\n\t\t\t\t\t\t\t\t\t\t<\/figure>\n\t\t\t\t\t\t\t\t\t<\/div>\n\t\t\t\t<\/div>\n\t\t\t\t\t<\/div>\n\t\t\t\t<\/div>\n\t\t<div class=\"elementor-element elementor-element-e6e55b4 e-flex e-con-boxed e-con e-parent\" data-id=\"e6e55b4\" data-element_type=\"container\" data-e-type=\"container\">\n\t\t\t\t\t<div class=\"e-con-inner\">\n\t\t\t\t<div class=\"elementor-element elementor-element-5356d11 elementor-widget elementor-widget-heading\" data-id=\"5356d11\" data-element_type=\"widget\" data-e-type=\"widget\" data-widget_type=\"heading.default\">\n\t\t\t\t<div class=\"elementor-widget-container\">\n\t\t\t\t\t<h4 class=\"elementor-heading-title elementor-size-default\">Cr\u00e9ation<\/h4>\t\t\t\t<\/div>\n\t\t\t\t<\/div>\n\t\t\t\t<div class=\"elementor-element elementor-element-ba596b3 elementor-widget elementor-widget-text-editor\" data-id=\"ba596b3\" data-element_type=\"widget\" data-e-type=\"widget\" data-widget_type=\"text-editor.default\">\n\t\t\t\t<div class=\"elementor-widget-container\">\n\t\t\t\t\t\t\t\t\t<p>Le d\u00e9cret du 22 d\u00e9cembre 1790 cr\u00e9e les d\u00e9partements fran\u00e7ais. Leur nombre a fluctu\u00e9 au fil des ann\u00e9es. De 83 en 1790, la France en compte 130 en 1810, retombe \u00e0 86 d\u00e9partements en 1815. Par la loi du 19 mars 1946,la Guadeloupe, la Martinique, la Guyane Fran\u00e7aise et la R\u00e9union acqui\u00e8rent le statut de d\u00e9partements d&rsquo;outre-mer. Les r\u00e9formes de 1964, divisant les d\u00e9partements d&rsquo;\u00cele de France en 7 d\u00e9partements, et de 1975 cr\u00e9ant les 2 d\u00e9partements de Haute Corse et de Corse du sud, puis celle de 1976 cr\u00e9ant le d\u00e9partement ultra marin de Saint-Pierre et Miquelon portent le nombre de d\u00e9partements \u00e0 101.<\/p>\n<p>La cr\u00e9ation du d\u00e9partement de Loir-et-Cher est cons\u00e9quente \u00e0 la loi du 22\u00a0 d\u00e9cembre 1790. L&rsquo;app\u00e9tit des\u00a0 villes d&rsquo;Orl\u00e9ans et Tours rendit cet exercice compliqu\u00e9, le Loir-et-Cher ayant d\u00fb abandonner ses pr\u00e9tentions sur Amboise et sur une grande partie de la Beauce. En contrepartie, le Loir-et-Cher se voit attribuer une grande part de la Sologne qui \u00e9tait alors une r\u00e9gion tr\u00e8s pauvre..<\/p>\t\t\t\t\t\t\t\t<\/div>\n\t\t\t\t<\/div>\n\t\t\t\t<div class=\"elementor-element elementor-element-f60d264 elementor-align-center elementor-widget elementor-widget-button\" data-id=\"f60d264\" data-element_type=\"widget\" data-e-type=\"widget\" data-widget_type=\"button.default\">\n\t\t\t\t<div class=\"elementor-widget-container\">\n\t\t\t\t\t\t\t\t\t<div class=\"elementor-button-wrapper\">\n\t\t\t\t\t<a class=\"elementor-button elementor-button-link elementor-size-sm\" href=\"https:\/\/fr.wikipedia.org\/wiki\/Loir-et-Cher\">\n\t\t\t\t\t\t<span class=\"elementor-button-content-wrapper\">\n\t\t\t\t\t\t\t\t\t<span class=\"elementor-button-text\">Plus de d\u00e9tail<\/span>\n\t\t\t\t\t<\/span>\n\t\t\t\t\t<\/a>\n\t\t\t\t<\/div>\n\t\t\t\t\t\t\t\t<\/div>\n\t\t\t\t<\/div>\n\t\t\t\t\t<\/div>\n\t\t\t\t<\/div>\n\t\t\t\t<\/div>\n\t\t","protected":false},"excerpt":{"rendered":"<p>Le Loir-et-Cher Bocages du Perche vend\u00f4mois le Beauce lig\u00e9rienne la Sologne Le Loir-et-Cher est rattach\u00e9 \u00e0 la r\u00e9gion Centre-Val de Loire avec le Cher, l&rsquo;Eure-et-Loir, l&rsquo;Indre, l&rsquo;Indre-et-Loire et le Loiret\u00a0 [&hellip;]<\/p>\n","protected":false},"author":3,"featured_media":0,"parent":0,"menu_order":0,"comment_status":"closed","ping_status":"closed","template":"","meta":{"om_disable_all_campaigns":false,"_uag_custom_page_level_css":"","site-sidebar-layout":"no-sidebar","site-content-layout":"","ast-site-content-layout":"full-width-container","site-content-style":"default","site-sidebar-style":"default","ast-global-header-display":"","ast-banner-title-visibility":"","ast-main-header-display":"","ast-hfb-above-header-display":"","ast-hfb-below-header-display":"","ast-hfb-mobile-header-display":"","site-post-title":"disabled","ast-breadcrumbs-content":"","ast-featured-img":"disabled","footer-sml-layout":"","ast-disable-related-posts":"","theme-transparent-header-meta":"","adv-header-id-meta":"","stick-header-meta":"","header-above-stick-meta":"","header-main-stick-meta":"","header-below-stick-meta":"","astra-migrate-meta-layouts":"default","ast-page-background-enabled":"default","ast-page-background-meta":{"desktop":{"background-color":"var(--ast-global-color-5)","background-image":"","background-repeat":"repeat","background-position":"center center","background-size":"auto","background-attachment":"scroll","background-type":"","background-media":"","overlay-type":"","overlay-color":"","overlay-opacity":"","overlay-gradient":""},"tablet":{"background-color":"","background-image":"","background-repeat":"repeat","background-position":"center center","background-size":"auto","background-attachment":"scroll","background-type":"","background-media":"","overlay-type":"","overlay-color":"","overlay-opacity":"","overlay-gradient":""},"mobile":{"background-color":"","background-image":"","background-repeat":"repeat","background-position":"center center","background-size":"auto","background-attachment":"scroll","background-type":"","background-media":"","overlay-type":"","overlay-color":"","overlay-opacity":"","overlay-gradient":""}},"ast-content-background-meta":{"desktop":{"background-color":"var(--ast-global-color-4)","background-image":"","background-repeat":"repeat","background-position":"center center","background-size":"auto","background-attachment":"scroll","background-type":"","background-media":"","overlay-type":"","overlay-color":"","overlay-opacity":"","overlay-gradient":""},"tablet":{"background-color":"var(--ast-global-color-4)","background-image":"","background-repeat":"repeat","background-position":"center center","background-size":"auto","background-attachment":"scroll","background-type":"","background-media":"","overlay-type":"","overlay-color":"","overlay-opacity":"","overlay-gradient":""},"mobile":{"background-color":"var(--ast-global-color-4)","background-image":"","background-repeat":"repeat","background-position":"center center","background-size":"auto","background-attachment":"scroll","background-type":"","background-media":"","overlay-type":"","overlay-color":"","overlay-opacity":"","overlay-gradient":""}},"ngg_post_thumbnail":0,"_EventAllDay":false,"_EventTimezone":"","_EventStartDate":"","_EventEndDate":"","_EventStartDateUTC":"","_EventEndDateUTC":"","_EventShowMap":false,"_EventShowMapLink":false,"_EventURL":"","_EventCost":"","_EventCostDescription":"","_EventCurrencySymbol":"","_EventCurrencyCode":"","_EventCurrencyPosition":"","_EventDateTimeSeparator":"","_EventTimeRangeSeparator":"","_EventOrganizerID":[],"_EventVenueID":[],"_OrganizerEmail":"","_OrganizerPhone":"","_OrganizerWebsite":"","_VenueAddress":"","_VenueCity":"","_VenueCountry":"","_VenueProvince":"","_VenueState":"","_VenueZip":"","_VenuePhone":"","_VenueURL":"","_VenueStateProvince":"","_VenueLat":"","_VenueLng":"","_VenueShowMap":false,"_VenueShowMapLink":false,"footnotes":""},"class_list":["post-4449","page","type-page","status-publish","hentry"],"uagb_featured_image_src":{"full":false,"thumbnail":false,"medium":false,"medium_large":false,"large":false,"1536x1536":false,"2048x2048":false},"uagb_author_info":{"display_name":"LA MOLINEUVOISE","author_link":"https:\/\/lamolineuvoise.fr\/blog\/author\/a_2meen\/"},"uagb_comment_info":0,"uagb_excerpt":"Le Loir-et-Cher Bocages du Perche vend\u00f4mois le Beauce lig\u00e9rienne la Sologne Le Loir-et-Cher est rattach\u00e9 \u00e0 la r\u00e9gion Centre-Val de Loire avec le Cher, l&rsquo;Eure-et-Loir, l&rsquo;Indre, l&rsquo;Indre-et-Loire et le Loiret\u00a0 [&hellip;]","_links":{"self":[{"href":"https:\/\/lamolineuvoise.fr\/blog\/wp-json\/wp\/v2\/pages\/4449","targetHints":{"allow":["GET"]}}],"collection":[{"href":"https:\/\/lamolineuvoise.fr\/blog\/wp-json\/wp\/v2\/pages"}],"about":[{"href":"https:\/\/lamolineuvoise.fr\/blog\/wp-json\/wp\/v2\/types\/page"}],"author":[{"embeddable":true,"href":"https:\/\/lamolineuvoise.fr\/blog\/wp-json\/wp\/v2\/users\/3"}],"replies":[{"embeddable":true,"href":"https:\/\/lamolineuvoise.fr\/blog\/wp-json\/wp\/v2\/comments?post=4449"}],"version-history":[{"count":21,"href":"https:\/\/lamolineuvoise.fr\/blog\/wp-json\/wp\/v2\/pages\/4449\/revisions"}],"predecessor-version":[{"id":8267,"href":"https:\/\/lamolineuvoise.fr\/blog\/wp-json\/wp\/v2\/pages\/4449\/revisions\/8267"}],"wp:attachment":[{"href":"https:\/\/lamolineuvoise.fr\/blog\/wp-json\/wp\/v2\/media?parent=4449"}],"curies":[{"name":"wp","href":"https:\/\/api.w.org\/{rel}","templated":true}]}}