{"id":2703,"date":"2023-12-28T11:20:09","date_gmt":"2023-12-28T11:20:09","guid":{"rendered":"https:\/\/lamolineuvoise.fr\/Blog\/?page_id=2703"},"modified":"2026-03-07T18:51:51","modified_gmt":"2026-03-07T18:51:51","slug":"fiches-randonnees","status":"publish","type":"page","link":"https:\/\/lamolineuvoise.fr\/blog\/fiches-randonnees\/","title":{"rendered":"Fiches randonn\u00e9es"},"content":{"rendered":"\t\t<div data-elementor-type=\"wp-page\" data-elementor-id=\"2703\" class=\"elementor elementor-2703\">\n\t\t\t\t\t\t<section class=\"elementor-section elementor-top-section elementor-element elementor-element-37b093d elementor-section-height-min-height elementor-section-full_width elementor-section-stretched elementor-section-height-default elementor-section-items-middle\" data-id=\"37b093d\" data-element_type=\"section\" data-e-type=\"section\" data-settings=\"{&quot;background_background&quot;:&quot;classic&quot;,&quot;shape_divider_bottom&quot;:&quot;opacity-tilt&quot;,&quot;stretch_section&quot;:&quot;section-stretched&quot;}\">\n\t\t\t\t\t<div class=\"elementor-shape elementor-shape-bottom\" aria-hidden=\"true\" data-negative=\"false\">\n\t\t\t<svg xmlns=\"http:\/\/www.w3.org\/2000\/svg\" viewBox=\"0 0 2600 131.1\" preserveAspectRatio=\"none\">\n\t<path class=\"elementor-shape-fill\" d=\"M0 0L2600 0 2600 69.1 0 0z\"\/>\n\t<path class=\"elementor-shape-fill\" style=\"opacity:0.5\" d=\"M0 0L2600 0 2600 69.1 0 69.1z\"\/>\n\t<path class=\"elementor-shape-fill\" style=\"opacity:0.25\" d=\"M2600 0L0 0 0 130.1 2600 69.1z\"\/>\n<\/svg>\t\t<\/div>\n\t\t\t\t\t<div class=\"elementor-container elementor-column-gap-no\">\n\t\t\t\t\t<div class=\"elementor-column elementor-col-66 elementor-top-column elementor-element elementor-element-4773643\" data-id=\"4773643\" data-element_type=\"column\" data-e-type=\"column\">\n\t\t\t<div class=\"elementor-widget-wrap elementor-element-populated\">\n\t\t\t\t\t\t<div class=\"elementor-element elementor-element-4425206 elementor-widget__width-initial elementor-widget elementor-widget-heading\" data-id=\"4425206\" data-element_type=\"widget\" data-e-type=\"widget\" data-widget_type=\"heading.default\">\n\t\t\t\t<div class=\"elementor-widget-container\">\n\t\t\t\t\t<h2 class=\"elementor-heading-title elementor-size-default\">Fiches randonn\u00e9e<\/h2>\t\t\t\t<\/div>\n\t\t\t\t<\/div>\n\t\t\t\t\t<\/div>\n\t\t<\/div>\n\t\t\t\t<div class=\"elementor-column elementor-col-33 elementor-top-column elementor-element elementor-element-dcc925b\" data-id=\"dcc925b\" data-element_type=\"column\" data-e-type=\"column\">\n\t\t\t<div class=\"elementor-widget-wrap\">\n\t\t\t\t\t\t\t<\/div>\n\t\t<\/div>\n\t\t\t\t\t<\/div>\n\t\t<\/section>\n\t\t\t\t<section class=\"elementor-section elementor-top-section elementor-element elementor-element-ce54ed7 elementor-section-boxed elementor-section-height-default elementor-section-height-default\" data-id=\"ce54ed7\" data-element_type=\"section\" data-e-type=\"section\">\n\t\t\t\t\t\t<div class=\"elementor-container elementor-column-gap-default\">\n\t\t\t\t\t<div class=\"elementor-column elementor-col-100 elementor-top-column elementor-element elementor-element-ea2d8a2\" data-id=\"ea2d8a2\" data-element_type=\"column\" data-e-type=\"column\">\n\t\t\t<div class=\"elementor-widget-wrap elementor-element-populated\">\n\t\t\t\t\t\t<div class=\"elementor-element elementor-element-7670daa elementor-widget elementor-widget-text-editor\" data-id=\"7670daa\" data-element_type=\"widget\" data-e-type=\"widget\" data-widget_type=\"text-editor.default\">\n\t\t\t\t<div class=\"elementor-widget-container\">\n\t\t\t\t\t\t\t\t\t<p align=\"justify\">Nous vous proposons de d\u00e9couvrir dans cette rubrique quelques itin\u00e9raires de randonn\u00e9e \u00e0 faire \u00e0 pied ou en VTT tout autour de Molineuf.<\/p>\n<p align=\"justify\">Consulter les formes de\u00a0<a href=\"https:\/\/lamolineuvoise.fr\/balisage.htm\">balisages<\/a>\u00a0que vous serez amen\u00e9s \u00e0 rencontrer lors de vos excursions ainsi que le\u00a0<a href=\"https:\/\/lamolineuvoise.fr\/statutChemin.htm\">statut juridique<\/a>\u00a0des chemins.<\/p>\n\t\t\t\t\t\t\t\t<\/div>\n\t\t\t\t<\/div>\n\t\t\t\t\t<\/div>\n\t\t<\/div>\n\t\t\t\t\t<\/div>\n\t\t<\/section>\n\t\t\t\t<section class=\"elementor-section elementor-top-section elementor-element elementor-element-52adfb7 elementor-section-boxed elementor-section-height-default elementor-section-height-default\" data-id=\"52adfb7\" data-element_type=\"section\" data-e-type=\"section\">\n\t\t\t\t\t\t<div class=\"elementor-container elementor-column-gap-default\">\n\t\t\t\t\t<div class=\"elementor-column elementor-col-100 elementor-top-column elementor-element elementor-element-91ccaa2\" data-id=\"91ccaa2\" data-element_type=\"column\" data-e-type=\"column\">\n\t\t\t<div class=\"elementor-widget-wrap elementor-element-populated\">\n\t\t\t\t\t\t<div class=\"elementor-element elementor-element-0ca46ee elementor-widget elementor-widget-tablepress-table\" data-id=\"0ca46ee\" data-element_type=\"widget\" data-e-type=\"widget\" data-widget_type=\"tablepress-table.default\">\n\t\t\t\t\t\n<table id=\"tablepress-26\" class=\"tablepress tablepress-id-26\">\n<thead>\n<tr class=\"row-1\">\n\t<th colspan=\"7\" class=\"column-1\"><strong>Fiches La Molineuvoise<\/strong><\/th>\n<\/tr>\n<\/thead>\n<tbody class=\"row-striping row-hover\">\n<tr class=\"row-2\">\n\t<td class=\"column-1\"><a href=\"https:\/\/lamolineuvoise.fr\/_private\/Ficherando\/Fiche_Randon001.pdf\"  target=\"_blank\">Fiche 001\u00a0<\/a><\/td><td class=\"column-2\">Molineuf<\/td><td class=\"column-3\">0,6 Mo<\/td><td class=\"column-4\">P\u00e9destre \/ VTT<\/td><td class=\"column-5\"><a href=\"https:\/\/lamolineuvoise.fr\/_private\/Ficherando\/ficheRando_001.jpg\">aper\u00e7u<\/a><\/td><td class=\"column-6\">11 km - 16 km<\/td><td class=\"column-7\"><a href=\"https:\/\/lamolineuvoise.fr\/_private\/Ficherando\/FicheRando001.gpx\" download>Trace GPX<\/a><\/td>\n<\/tr>\n<tr class=\"row-3\">\n\t<td class=\"column-1\"><a href=\"https:\/\/lamolineuvoise.fr\/_private\/Ficherando\/Fiche_Randon002.pdf\" target=\"_blank\">Fiche 002<\/a><\/td><td class=\"column-2\">Molineuf<\/td><td class=\"column-3\">0,6 Mo<\/td><td class=\"column-4\">P\u00e9destre<\/td><td class=\"column-5\"><a href=\"https:\/\/lamolineuvoise.fr\/_private\/Ficherando\/ficheRando_002.jpg\">aper\u00e7u<\/a><\/td><td class=\"column-6\">9 km<\/td><td class=\"column-7\"><a href=\"https:\/\/lamolineuvoise.fr\/_private\/Ficherando\/FicheRando002.gpx\" download>Trace GPX<\/a><\/td>\n<\/tr>\n<tr class=\"row-4\">\n\t<td class=\"column-1\"><a href=\"https:\/\/lamolineuvoise.fr\/_private\/Ficherando\/Fiche_Randon003.pdf\" target=\"_blank\">Fiche 003<\/a><\/td><td class=\"column-2\">Molineuf<\/td><td class=\"column-3\">1,4 Mo\u00a0<\/td><td class=\"column-4\">P\u00e9destre<\/td><td class=\"column-5\"><a href=\"https:\/\/lamolineuvoise.fr\/_private\/Ficherando\/ficheRando_003.jpg\">aper\u00e7u<\/a><\/td><td class=\"column-6\">6 km - 12 km<\/td><td class=\"column-7\"><a href=\"https:\/\/lamolineuvoise.fr\/_private\/Ficherando\/FicheRando003.gpx\" download>Trace GPX<\/a><\/td>\n<\/tr>\n<tr class=\"row-5\">\n\t<td class=\"column-1\"><a href=\"https:\/\/lamolineuvoise.fr\/_private\/Ficherando\/Fiche_Randon004.pdf\" target=\"_blank\">Fiche 004<\/a><\/td><td class=\"column-2\">Molineuf<\/td><td class=\"column-3\">\u00a01,35 Mo<\/td><td class=\"column-4\">P\u00e9destre<\/td><td class=\"column-5\"><a href=\"https:\/\/lamolineuvoise.fr\/_private\/Ficherando\/ficheRando_004.jpg\">aper\u00e7u<\/a><\/td><td class=\"column-6\">15 km<\/td><td class=\"column-7\"><a href=\"https:\/\/lamolineuvoise.fr\/_private\/Ficherando\/FicheRando004.gpx\" download>Trace GPX<\/a><\/td>\n<\/tr>\n<tr class=\"row-6\">\n\t<td class=\"column-1\"><a href=\"https:\/\/lamolineuvoise.fr\/_private\/Ficherando\/Fiche_Randon005.pdf\" target=\"_blank\">Fiche 005<\/a><\/td><td class=\"column-2\">Molineuf<\/td><td class=\"column-3\">0,9 Mo<\/td><td class=\"column-4\">P\u00e9destre\u00a0<\/td><td class=\"column-5\"><a href=\"https:\/\/lamolineuvoise.fr\/_private\/Ficherando\/ficheRando_005.jpg\">aper\u00e7u<\/a><\/td><td class=\"column-6\">\u00a020 km<\/td><td class=\"column-7\"><a href=\"https:\/\/lamolineuvoise.fr\/_private\/Ficherando\/FicheRando005.gpx\" download>Trace GPX<\/a><\/td>\n<\/tr>\n<tr class=\"row-7\">\n\t<td class=\"column-1\"><a href=\"https:\/\/lamolineuvoise.fr\/_private\/Ficherando\/Fiche_Randon006.pdf\" target=\"_blank\">Fiche 006<\/a><\/td><td class=\"column-2\">Molineuf<\/td><td class=\"column-3\">0,7 Mo<\/td><td class=\"column-4\">P\u00e9destre\u00a0<\/td><td class=\"column-5\"><a href=\"https:\/\/lamolineuvoise.fr\/_private\/Ficherando\/ficheRando_006.jpg\">aper\u00e7u<\/a><\/td><td class=\"column-6\">\u00a014 km<\/td><td class=\"column-7\"><a href=\"https:\/\/lamolineuvoise.fr\/_private\/Ficherando\/FicheRando006.gpx\" download>Trace GPX<\/a><\/td>\n<\/tr>\n<tr class=\"row-8\">\n\t<td class=\"column-1\"><a href=\"https:\/\/lamolineuvoise.fr\/_private\/Ficherando\/Fiche_Randon007.pdf\" target=\"_blank\">Fiche 007<\/a><\/td><td class=\"column-2\">Chambon\/Cisse<\/td><td class=\"column-3\">0,7 Mo<\/td><td class=\"column-4\">P\u00e9destre\u00a0<\/td><td class=\"column-5\"><a href=\"https:\/\/lamolineuvoise.fr\/_private\/Ficherando\/ficheRando_007.jpg\">aper\u00e7u<\/a><\/td><td class=\"column-6\">\u00a011\u00a0km<\/td><td class=\"column-7\"><a href=\"https:\/\/lamolineuvoise.fr\/_private\/Ficherando\/FicheRando007.gpx\" download>Trace GPX<\/a><\/td>\n<\/tr>\n<tr class=\"row-9\">\n\t<td class=\"column-1\"><a href=\"https:\/\/lamolineuvoise.fr\/_private\/Ficherando\/Fiche_Randon008.pdf\" target=\"_blank\">Fiche 008<\/a><\/td><td class=\"column-2\">Orchaise<\/td><td class=\"column-3\">0,7 Mo<\/td><td class=\"column-4\">P\u00e9destre\u00a0<\/td><td class=\"column-5\"><a href=\"https:\/\/lamolineuvoise.fr\/_private\/Ficherando\/ficheRando_008.jpg\">aper\u00e7u<\/a><\/td><td class=\"column-6\">\u00a09 km<\/td><td class=\"column-7\"><a href=\"https:\/\/lamolineuvoise.fr\/_private\/Ficherando\/FicheRando008.gpx\" download>Trace GPX<\/a><\/td>\n<\/tr>\n<tr class=\"row-10\">\n\t<td class=\"column-1\"><a href=\"https:\/\/lamolineuvoise.fr\/_private\/Ficherando\/Fiche_Randon009.pdf\" target=\"_blank\">Fiche 009<\/a><\/td><td class=\"column-2\">Molineuf-Chambon<\/td><td class=\"column-3\">2,9 Mo<\/td><td class=\"column-4\">P\u00e9destre\u00a0<\/td><td class=\"column-5\"><a href=\"https:\/\/lamolineuvoise.fr\/_private\/Ficherando\/ficheRando_009.jpg\">aper\u00e7u<\/a><\/td><td class=\"column-6\">\u00a016 km<\/td><td class=\"column-7\"><a href=\"https:\/\/lamolineuvoise.fr\/_private\/Ficherando\/fiche_rando_009.gpx\" download>Trace GPX<\/a><\/td>\n<\/tr>\n<tr class=\"row-11\">\n\t<td class=\"column-1\"><a href=\"https:\/\/lamolineuvoise.fr\/_private\/Ficherando\/GR353_StBohaire_Chouzy.pdf\" target=\"_blank\">Fiche GR 353 autour de Molineuf<\/a><\/td><td class=\"column-2\"><\/td><td class=\"column-3\">4,7 Mo<\/td><td class=\"column-4\">\u00a0P\u00e9destre\u00a0<\/td><td class=\"column-5\"><\/td><td class=\"column-6\">\u00a030 km<\/td><td class=\"column-7\">Pdf<\/td>\n<\/tr>\n<\/tbody>\n<\/table>\n<!-- #tablepress-26 from cache -->\t\t\t\t<\/div>\n\t\t\t\t\t<\/div>\n\t\t<\/div>\n\t\t\t\t\t<\/div>\n\t\t<\/section>\n\t\t\t\t<section class=\"elementor-section elementor-top-section elementor-element elementor-element-af7aae1 elementor-section-boxed elementor-section-height-default elementor-section-height-default\" data-id=\"af7aae1\" data-element_type=\"section\" data-e-type=\"section\">\n\t\t\t\t\t\t<div class=\"elementor-container elementor-column-gap-default\">\n\t\t\t\t\t<div class=\"elementor-column elementor-col-100 elementor-top-column elementor-element elementor-element-89c583f\" data-id=\"89c583f\" data-element_type=\"column\" data-e-type=\"column\">\n\t\t\t<div class=\"elementor-widget-wrap elementor-element-populated\">\n\t\t\t\t\t\t<div class=\"elementor-element elementor-element-7a52d8e elementor-widget elementor-widget-text-editor\" data-id=\"7a52d8e\" data-element_type=\"widget\" data-e-type=\"widget\" data-widget_type=\"text-editor.default\">\n\t\t\t\t<div class=\"elementor-widget-container\">\n\t\t\t\t\t\t\t\t\t<p>Vous pouvez visionner le trac\u00e9 des randonn\u00e9es \u00e0 partir de l&rsquo;\u00e9cran ci-dessous. Cliquez sur le s\u00e9lecteur <img decoding=\"async\" class=\" wp-image-2721 alignnone\" src=\"http:\/\/lamolineuvoise.fr\/Blog\/wp-content\/uploads\/2023\/12\/selecteur.png\" alt=\"\" width=\"32\" height=\"21\" \/> et cochez la case en face de la fiche \u00e0 consulter.<\/p>\t\t\t\t\t\t\t\t<\/div>\n\t\t\t\t<\/div>\n\t\t\t\t\t<\/div>\n\t\t<\/div>\n\t\t\t\t\t<\/div>\n\t\t<\/section>\n\t\t\t\t<section class=\"elementor-section elementor-top-section elementor-element elementor-element-a4fa38b elementor-section-boxed elementor-section-height-default elementor-section-height-default\" data-id=\"a4fa38b\" data-element_type=\"section\" data-e-type=\"section\">\n\t\t\t\t\t\t<div class=\"elementor-container elementor-column-gap-default\">\n\t\t\t\t\t<div class=\"elementor-column elementor-col-100 elementor-top-column elementor-element elementor-element-33f2662\" data-id=\"33f2662\" data-element_type=\"column\" data-e-type=\"column\">\n\t\t\t<div class=\"elementor-widget-wrap elementor-element-populated\">\n\t\t\t\t\t\t<div class=\"elementor-element elementor-element-c93d220 elementor-widget elementor-widget-text-editor\" data-id=\"c93d220\" data-element_type=\"widget\" data-e-type=\"widget\" data-widget_type=\"text-editor.default\">\n\t\t\t\t<div class=\"elementor-widget-container\">\n\t\t\t\t\t\t\t\t\t<iframe src=\"https:\/\/www.google.com\/maps\/d\/embed?mid=1ya5-D9_gyHz9z2qlh_eB009Pzq-jl2Y&#038;hl=fr&#038;ehbc=2E312F\" width=\"640\" height=\"480\"><\/iframe>\t\t\t\t\t\t\t\t<\/div>\n\t\t\t\t<\/div>\n\t\t\t\t<div class=\"elementor-element elementor-element-6542a63 elementor-widget-divider--view-line elementor-widget elementor-widget-divider\" data-id=\"6542a63\" data-element_type=\"widget\" data-e-type=\"widget\" data-widget_type=\"divider.default\">\n\t\t\t\t<div class=\"elementor-widget-container\">\n\t\t\t\t\t\t\t<div class=\"elementor-divider\">\n\t\t\t<span class=\"elementor-divider-separator\">\n\t\t\t\t\t\t<\/span>\n\t\t<\/div>\n\t\t\t\t\t\t<\/div>\n\t\t\t\t<\/div>\n\t\t\t\t\t<\/div>\n\t\t<\/div>\n\t\t\t\t\t<\/div>\n\t\t<\/section>\n\t\t\t\t<section class=\"elementor-section elementor-top-section elementor-element elementor-element-5316f43 elementor-section-boxed elementor-section-height-default elementor-section-height-default\" data-id=\"5316f43\" data-element_type=\"section\" data-e-type=\"section\">\n\t\t\t\t\t\t<div class=\"elementor-container elementor-column-gap-default\">\n\t\t\t\t\t<div class=\"elementor-column elementor-col-100 elementor-top-column elementor-element elementor-element-04fee69\" data-id=\"04fee69\" data-element_type=\"column\" data-e-type=\"column\">\n\t\t\t<div class=\"elementor-widget-wrap elementor-element-populated\">\n\t\t\t\t\t\t<section class=\"elementor-section elementor-inner-section elementor-element elementor-element-4c28060 elementor-section-boxed elementor-section-height-default elementor-section-height-default\" data-id=\"4c28060\" data-element_type=\"section\" data-e-type=\"section\">\n\t\t\t\t\t\t<div class=\"elementor-container elementor-column-gap-no\">\n\t\t\t\t\t<div class=\"elementor-column elementor-col-50 elementor-inner-column elementor-element elementor-element-eca8229\" data-id=\"eca8229\" data-element_type=\"column\" data-e-type=\"column\">\n\t\t\t<div class=\"elementor-widget-wrap elementor-element-populated\">\n\t\t\t\t\t\t<div class=\"elementor-element elementor-element-11971b6 elementor-widget-tablet__width-initial elementor-widget elementor-widget-text-editor\" data-id=\"11971b6\" data-element_type=\"widget\" data-e-type=\"widget\" data-widget_type=\"text-editor.default\">\n\t\t\t\t<div class=\"elementor-widget-container\">\n\t\t\t\t\t\t\t\t\t<p\">Si vous t\u00e9l\u00e9chargez nos fiches de randonn\u00e9e, nous vous remercions de prendre un moment en r\u00e9pondant \u00e0 notre questionnaire.\u00a0<\/span><\/i><\/p>\n\t\t\t\t\t\t\t\t<\/div>\n\t\t\t\t<\/div>\n\t\t\t\t\t<\/div>\n\t\t<\/div>\n\t\t\t\t<div class=\"elementor-column elementor-col-50 elementor-inner-column elementor-element elementor-element-261a7bb\" data-id=\"261a7bb\" data-element_type=\"column\" data-e-type=\"column\">\n\t\t\t<div class=\"elementor-widget-wrap elementor-element-populated\">\n\t\t\t\t\t\t<div class=\"elementor-element elementor-element-c29021e elementor-align-left elementor-widget-tablet__width-initial elementor-widget elementor-widget-elementskit-button\" data-id=\"c29021e\" data-element_type=\"widget\" data-e-type=\"widget\" data-widget_type=\"elementskit-button.default\">\n\t\t\t\t<div class=\"elementor-widget-container\">\n\t\t\t\t\t<div class=\"ekit-wid-con\" >\t\t<div class=\"ekit-btn-wraper\">\n\t\t\t\t\t\t\t<a href=\"https:\/\/lamolineuvoise.fr\/Blog\/fiches-rando-avis\/\" target=\"_blank\" rel=\"nofollow\" class=\"elementskit-btn  whitespace--normal\" id=\"\">\n\t\t\t\t\tAcc\u00e9der au questionnaire\t\t\t\t<\/a>\n\t\t\t\t\t<\/div>\n        <\/div>\t\t\t\t<\/div>\n\t\t\t\t<\/div>\n\t\t\t\t\t<\/div>\n\t\t<\/div>\n\t\t\t\t\t<\/div>\n\t\t<\/section>\n\t\t\t\t\t<\/div>\n\t\t<\/div>\n\t\t\t\t\t<\/div>\n\t\t<\/section>\n\t\t\t\t<section class=\"elementor-section elementor-top-section elementor-element elementor-element-9bc92df elementor-section-boxed elementor-section-height-default elementor-section-height-default\" data-id=\"9bc92df\" data-element_type=\"section\" data-e-type=\"section\">\n\t\t\t\t\t\t<div class=\"elementor-container elementor-column-gap-default\">\n\t\t\t\t\t<div class=\"elementor-column elementor-col-100 elementor-top-column elementor-element elementor-element-85a9d60\" data-id=\"85a9d60\" data-element_type=\"column\" data-e-type=\"column\">\n\t\t\t<div class=\"elementor-widget-wrap\">\n\t\t\t\t\t\t\t<\/div>\n\t\t<\/div>\n\t\t\t\t\t<\/div>\n\t\t<\/section>\n\t\t<div class=\"elementor-element elementor-element-e8c44c4 e-flex e-con-boxed e-con e-parent\" data-id=\"e8c44c4\" data-element_type=\"container\" data-e-type=\"container\">\n\t\t\t\t\t<div class=\"e-con-inner\">\n\t\t\t\t\t<\/div>\n\t\t\t\t<\/div>\n\t\t\t\t<\/div>\n\t\t","protected":false},"excerpt":{"rendered":"<p>Fiches randonn\u00e9e Nous vous proposons de d\u00e9couvrir dans cette rubrique quelques itin\u00e9raires de randonn\u00e9e \u00e0 faire \u00e0 pied ou en VTT tout autour de Molineuf. Consulter les formes de\u00a0balisages\u00a0que vous [&hellip;]<\/p>\n","protected":false},"author":3,"featured_media":0,"parent":0,"menu_order":0,"comment_status":"closed","ping_status":"closed","template":"","meta":{"om_disable_all_campaigns":false,"_uag_custom_page_level_css":"","site-sidebar-layout":"no-sidebar","site-content-layout":"","ast-site-content-layout":"full-width-container","site-content-style":"default","site-sidebar-style":"default","ast-global-header-display":"","ast-banner-title-visibility":"","ast-main-header-display":"","ast-hfb-above-header-display":"","ast-hfb-below-header-display":"","ast-hfb-mobile-header-display":"","site-post-title":"disabled","ast-breadcrumbs-content":"","ast-featured-img":"disabled","footer-sml-layout":"","ast-disable-related-posts":"","theme-transparent-header-meta":"","adv-header-id-meta":"","stick-header-meta":"","header-above-stick-meta":"","header-main-stick-meta":"","header-below-stick-meta":"","astra-migrate-meta-layouts":"default","ast-page-background-enabled":"default","ast-page-background-meta":{"desktop":{"background-color":"var(--ast-global-color-5)","background-image":"","background-repeat":"repeat","background-position":"center center","background-size":"auto","background-attachment":"scroll","background-type":"","background-media":"","overlay-type":"","overlay-color":"","overlay-opacity":"","overlay-gradient":""},"tablet":{"background-color":"","background-image":"","background-repeat":"repeat","background-position":"center center","background-size":"auto","background-attachment":"scroll","background-type":"","background-media":"","overlay-type":"","overlay-color":"","overlay-opacity":"","overlay-gradient":""},"mobile":{"background-color":"","background-image":"","background-repeat":"repeat","background-position":"center center","background-size":"auto","background-attachment":"scroll","background-type":"","background-media":"","overlay-type":"","overlay-color":"","overlay-opacity":"","overlay-gradient":""}},"ast-content-background-meta":{"desktop":{"background-color":"var(--ast-global-color-4)","background-image":"","background-repeat":"repeat","background-position":"center center","background-size":"auto","background-attachment":"scroll","background-type":"","background-media":"","overlay-type":"","overlay-color":"","overlay-opacity":"","overlay-gradient":""},"tablet":{"background-color":"var(--ast-global-color-4)","background-image":"","background-repeat":"repeat","background-position":"center center","background-size":"auto","background-attachment":"scroll","background-type":"","background-media":"","overlay-type":"","overlay-color":"","overlay-opacity":"","overlay-gradient":""},"mobile":{"background-color":"var(--ast-global-color-4)","background-image":"","background-repeat":"repeat","background-position":"center center","background-size":"auto","background-attachment":"scroll","background-type":"","background-media":"","overlay-type":"","overlay-color":"","overlay-opacity":"","overlay-gradient":""}},"ngg_post_thumbnail":0,"_EventAllDay":false,"_EventTimezone":"","_EventStartDate":"","_EventEndDate":"","_EventStartDateUTC":"","_EventEndDateUTC":"","_EventShowMap":false,"_EventShowMapLink":false,"_EventURL":"","_EventCost":"","_EventCostDescription":"","_EventCurrencySymbol":"","_EventCurrencyCode":"","_EventCurrencyPosition":"","_EventDateTimeSeparator":"","_EventTimeRangeSeparator":"","_EventOrganizerID":[],"_EventVenueID":[],"_OrganizerEmail":"","_OrganizerPhone":"","_OrganizerWebsite":"","_VenueAddress":"","_VenueCity":"","_VenueCountry":"","_VenueProvince":"","_VenueState":"","_VenueZip":"","_VenuePhone":"","_VenueURL":"","_VenueStateProvince":"","_VenueLat":"","_VenueLng":"","_VenueShowMap":false,"_VenueShowMapLink":false,"footnotes":""},"class_list":["post-2703","page","type-page","status-publish","hentry"],"uagb_featured_image_src":{"full":false,"thumbnail":false,"medium":false,"medium_large":false,"large":false,"1536x1536":false,"2048x2048":false},"uagb_author_info":{"display_name":"LA MOLINEUVOISE","author_link":"https:\/\/lamolineuvoise.fr\/blog\/author\/a_2meen\/"},"uagb_comment_info":0,"uagb_excerpt":"Fiches randonn\u00e9e Nous vous proposons de d\u00e9couvrir dans cette rubrique quelques itin\u00e9raires de randonn\u00e9e \u00e0 faire \u00e0 pied ou en VTT tout autour de Molineuf. Consulter les formes de\u00a0balisages\u00a0que vous [&hellip;]","_links":{"self":[{"href":"https:\/\/lamolineuvoise.fr\/blog\/wp-json\/wp\/v2\/pages\/2703","targetHints":{"allow":["GET"]}}],"collection":[{"href":"https:\/\/lamolineuvoise.fr\/blog\/wp-json\/wp\/v2\/pages"}],"about":[{"href":"https:\/\/lamolineuvoise.fr\/blog\/wp-json\/wp\/v2\/types\/page"}],"author":[{"embeddable":true,"href":"https:\/\/lamolineuvoise.fr\/blog\/wp-json\/wp\/v2\/users\/3"}],"replies":[{"embeddable":true,"href":"https:\/\/lamolineuvoise.fr\/blog\/wp-json\/wp\/v2\/comments?post=2703"}],"version-history":[{"count":105,"href":"https:\/\/lamolineuvoise.fr\/blog\/wp-json\/wp\/v2\/pages\/2703\/revisions"}],"predecessor-version":[{"id":7492,"href":"https:\/\/lamolineuvoise.fr\/blog\/wp-json\/wp\/v2\/pages\/2703\/revisions\/7492"}],"wp:attachment":[{"href":"https:\/\/lamolineuvoise.fr\/blog\/wp-json\/wp\/v2\/media?parent=2703"}],"curies":[{"name":"wp","href":"https:\/\/api.w.org\/{rel}","templated":true}]}}